*3 + 8*p**2 - 8*p + 12. Let o be s(-9). Suppose 8*w - o*w - 5*q = 40, w = -q. Is w a prime number?
False
Let d = 3 + -1. Suppose -d*g = 3*g - 165. Is g composite?
True
Let k be 1/(-4) - 92573/(-52). Suppose -2*s = 2*s - k. Is s a prime number?
False
Let f = 11039 - 6054. Is f a prime number?
False
Let l(g) = 53*g**2 + 2*g + 9. Let m(n) = 26*n**2 + n + 4. Let x(j) = -2*l(j) + 5*m(j). Suppose -4*d - 9 = -d. Is x(d) prime?
False
Suppose -5*s + 3*s + 348 = 0. Let m = 5 + s. Is m prime?
True
Let c(h) = h - 5278. Let n be c(0). Is 16/(-72) + n/(-18) composite?
False
Suppose p - 108 = 3*a, 5*p + 3*a = 7*a + 551. Is p a composite number?
True
Suppose -4*f - 1519 + 455 = -3*k, f = 1. Suppose 6*v - 2*v = k. Is v a composite number?
False
Let t be 4/(-1)*(-39)/4. Let r = 18 - t. Let g = 0 - r. Is g a composite number?
True
Let k = -994 - -2375. Is k a composite number?
False
Suppose -438 = -6*g - 120. Is g a prime number?
True
Is (4 - -6)/((-4)/(-46)) a composite number?
True
Let y(x) = 4*x**3 - x**2 + 5*x - 6. Is y(4) composite?
True
Let t = 43 - 18. Let h = t - -120. Is h a prime number?
False
Let o(v) = -v**3 - 11*v**2 - 10*v + 10. Suppose 3*y - 3*s + 29 = -2*s, -1 = s. Is o(y) prime?
False
Suppose 0*g + 4*g - 4 = 0. Is -1*(-1 + g) - -83 prime?
True
Suppose 90 = -o + 3*o + 2*d, 4*o = d + 185. Is o a composite number?
True
Let g(m) = 62*m + 75. Is g(22) prime?
True
Let v be (-4 + (-2)/(-1))*-1. Suppose -2*p + 5*p = 3*t + 555, 4*p = v*t + 740. Is p prime?
False
Let k(m) = -m**2 + 10*m + 1. Suppose -5 - 2 = -u. Let p be u/(5 + -2 + -2). Is k(p) a composite number?
True
Suppose -2*d = -5*q - 3339, -4*d + 4*q = q - 6643. Is d composite?
False
Is (-322031)/(-153) - ((-11)/9 + 1) composite?
True
Suppose -3*j = -0*j - 9. Let y be 64/12*j/2. Let z(i) = -i**3 + 8*i**2 + 2*i - 1. Is z(y) a composite number?
True
Suppose 9*n - 4*n + 5 = 0. Let c be 8*(n + 3 + 126). Suppose -3*p - 31 + c = 0. Is p prime?
True
Let c = 13 + -10. Suppose -4*a = -c*a - 187. Is a a prime number?
False
Let r(s) = 13*s**2 + 5*s - 1. Let q be r(7). Let p = q - -36. Is p prime?
False
Let c(v) = -2*v + 6. Let b be c(5). Let m = b + 6. Let f(w) = 7*w**3 + 2*w**2 + 3*w - 3. Is f(m) a composite number?
False
Suppose 2*l + o - 79 = 0, o - 5 = 3*l - 121. Suppose -q - 2*i = -16, 2*i = -4*q - i + l. Is q a prime number?
False
Let u(o) = o + 6. Let j be u(-7). Let c be (0 + j + -6)/(-1). Suppose c = 2*z - 31. Is z a prime number?
True
Let c(p) = -p + 2. Let h be c(-8). Suppose -148 = -4*r - s + 243, 2*s + h = 0. Let q = r - 44. Is q a prime number?
False
Let c = 159 + -110. Suppose -j = -2*p + c, -6 = -3*j + 3. Is p composite?
True
Let l = 11 + -18. Let f(r) = -r**3 - 2*r - 8. Let y(u) = -3*u**3 - u**2 - 5*u - 24. Let i(q) = -17*f(q) + 6*y(q). Is i(l) prime?
True
Suppose -2 = -5*r + k, 0 = -6*r + 4*r + 3*k - 7. Is 2181/18 + r/(-6) prime?
False
Suppose -j - 2 = -h, -7 - 7 = -3*j - 2*h. Suppose -3*u + 7*u + 715 = 3*q, 235 = q + 2*u. Suppose j*k - q = -k. Is k a prime number?
True
Let y(j) = 3*j**2 - 36*j - 45. Is y(26) a prime number?
False
Is -145*(1 + (-4 - -2)) prime?
False
Suppose 3*i - 6*i = 3. Let n = i - -2. Is -3*(1 + -23) - n a composite number?
True
Let i be (-1 + -1)*-1 + -5. Let a(k) = k**2 + k. Let n be a(i). Let c = 13 - n. Is c composite?
False
Suppose -m + 4*q + 10 + 5 = 0, 155 = 4*m + 3*q. Let v = -24 + m. Is v prime?
True
Suppose 811 = 2*f - n, -f + 416 = n + 2*n. Is f prime?
False
Let o(v) = 33*v - 5. Let s be o(4). Let h = 304 - s. Is h a prime number?
False
Suppose -4*a + 28 = 12. Suppose -a = t - 6. Is (200/(-12))/(t/(-3)) a prime number?
False
Let g = 455 - 124. Is g a composite number?
False
Suppose 4*r = -r. Suppose -5*k = -3*y - r*k + 117, -5*y = k - 167. Suppose 3*v + y = 433. Is v a composite number?
True
Let d be (-2)/((8/(-27))/4). Suppose 4*f - 51 = -c, 2*f + c - d = 2*c. Is f a prime number?
True
Suppose 0 = 5*d - 10*d - y + 78880, 5*y = d - 15802. Is d/63 - (-8)/14 prime?
True
Let d = -187 + 410. Is d a composite number?
False
Let b(d) = d**2 - 11*d - 5. Suppose 0 = 6*u - 7*u + 13. Is b(u) composite?
True
Let w(o) = -7*o + 7. Let h = -3 + -3. Is w(h) composite?
True
Let w(b) = -b**2 - 9*b - 9. Let h = -6 - 1. Let i be w(h). Suppose 2*v = 3*v + i*s - 32, 110 = 3*v + s. Is v composite?
False
Let h(y) = y**3 - 8*y**2 - 2*y + 7. Let j be h(8). Is ((-102)/j)/((-2)/(-6)) composite?
True
Suppose 3*m - 4*z = z + 91, 2*m - 58 = 4*z. Is m prime?
True
Let n = -3 - -6. Is n prime?
True
Let q be (-1)/2*10*-1. Suppose r - q*r + 40 = 0. Is r prime?
False
Is 547 - (-1 + (2 - 0)) - 3 a composite number?
True
Suppose -4*y = 2*l - l - 238, -l - 2*y + 246 = 0. Is l a composite number?
True
Suppose 4*o = 29 + 35. Let a = o - 10. Is a a prime number?
False
Suppose 3*m + 4*a = -a + 6512, 0 = 3*a + 15. Is m a composite number?
False
Suppose -l = -w + 16, l = -0*l + 5*w - 4. Suppose 0 = f + 4*f + 150. Let v = l - f. Is v prime?
True
Suppose s + 5*j - 85 = 0, j + 3 - 6 = 0. Let a(y) = y - 1. Let u be a(6). Suppose k = 3*t + s, -3*k - k - u*t = -331. Is k a composite number?
False
Suppose -3*p + 3*i + 3 = -3, -29 = 3*p + 4*i. Let k be p*(2 - 1)*-1. Is k/(-1)*-12 + -1 prime?
False
Let l(d) = 3*d + 3. Let c be l(-3). Let y = c - -19. Is y prime?
True
Let h be (-1)/3 + (-91)/(-39). Suppose -1180 = -5*q - 3*u, 0*q + h*q = -u + 471. Is q prime?
True
Let r = -1718 + 3121. Is r a composite number?
True
Let c be (1 + 126)*4/(-2). Let s = 189 - c. Is s composite?
False
Suppose 0 = i + n - 4*n - 3607, -2*i + 7214 = n. Is i prime?
True
Suppose w + 3*w = -d + 19, -d - 1 = 0. Is -2 + w + -4 + 14 a composite number?
False
Suppose 2*b = 5*b + 4*w - 409, -4*b - 5*w = -547. Suppose -5*i + 1198 = b. Is i a prime number?
True
Let w(c) = -5*c**3 - c**2 + 1. Let m(y) = -y + 4. Let d be m(-3). Let o = 4 - d. Is w(o) composite?
False
Let y = 839 + -500. Is y prime?
False
Suppose 0 = -3*d + 5*o + 26, 5*o + 26 = d + 4. Suppose 5*l - 9 = f - 157, -d*f - l = -296. Suppose f = -2*z + 6*z. Is z a prime number?
True
Let j(d) = d**3 + 7*d**2 + 5*d - 1. Let v be j(-6). Suppose -15 + 140 = v*o. Is o prime?
False
Let y(d) = 13*d + 5*d**2 - 9*d + 3 - 7*d. Is y(3) prime?
False
Let s = 16 - -3. Is s a prime number?
True
Suppose 3*h + 215 = 2165. Let y = h + -387. Is y a composite number?
False
Is (-67)/(-3) - (-8)/12 prime?
True
Suppose x + x = 4*i - 14, 5*x - 25 = -2*i. Suppose -55 = -x*s + 572. Is s a prime number?
False
Let x(p) = 44*p**2 + 2*p + 7. Is x(-3) a composite number?
False
Suppose 3*v + 2*v - 15 = 0. Let b = v - -11. Is b prime?
False
Let x = 3 - 5. Let d be x - -1 - 18/(-2). Is (-1 - d/(-3))*6 composite?
True
Suppose -5*i = -5 - 10. Suppose 0 = -2*j + 5*t + 8, 6*j - 16 = 2*j + i*t. Is (j/5)/(6/45) a composite number?
True
Let d be 1/((-4)/(-32)) + -3. Suppose -d*y = 95 - 330. Is y a prime number?
True
Suppose -183 = -a + 84. Suppose -a = -3*n - 0*n. Is n a prime number?
True
Let r(v) = -503*v**3 - 2*v**2 + 1. Is r(-1) composite?
True
Let c be (-1)/6 - (-52)/24. Let y = c - -8. Is (-2)/(-4)*11*y a prime number?
False
Let t = -21 + 29. Is -381*(t/(-6) - -1) prime?
True
Suppose 5*p - 4*p = 14. Let l be p/(-6) - (-3)/9. Is l/((2/19)/(-1)) a prime number?
True
Suppose -4*f = -5*f - 8. Is (-82)/f*(-40)/(-2) composite?
True
Suppose 5*c - 20 = 65. Is 0 - (1 - 4)*c a composite number?
True
Let g = -21 - -15. Let j(u) = -2*u + 7. Is j(g) a prime number?
True
Suppose -2*d + 8 = -o - 0*d, -o = -3*d + 13. Suppose -2*a - 21 = -n, 0 = -6*n + n + o*a + 65. Is (-2)/(-2)*(n - -2) composite?
False
Let q(i) = 129*i**2 + 4*i - 4. Let l = -27 - -30. Is q(l) composite?
True
Suppose -l + 166 = -369. Is l prime?
False
Let l be 4*1/(-2) - -346. Suppose 0 = 2*o - 4*w - 308, 4*w = -2*o - 20 + l. Is o prime?
False
Suppose -705 = -4*g + 635. Suppose -2*x = 73 - g. Is x composite?
False
Is (5171/7)/1 - 4/(-14) composite?
False
Let n be 1/5 + (-66)/5. Let j = -6 - n. Suppose -2*y + 57 = j. Is y a prime number?
False
Let q = 35 - 58. Let m = q - -2. Is -8*(1 - m/(-4)) prime?
False
Let k(q) = q**2 - 2*q - 1. Suppose 3*v - 2*i = 7*v + 24, -28 = 2*v + 5*i. Is k(v) a composite number?
False
Suppose -3*o + 333 = -5*b - 554, 4*b + 1196 = 4*o. Suppose 0 = -2*q + o + 6. Is q prime?
False
Let n = 7 + 3. Is 6/n - 182/(-5) prime?
True
Let p(k) be the thi